{"id":7,"date":"2020-01-14T06:55:36","date_gmt":"2020-01-14T06:55:36","guid":{"rendered":"https:\/\/www.tiroler-dobermannklub.com\/?page_id=7"},"modified":"2026-04-08T06:50:31","modified_gmt":"2026-04-08T06:50:31","slug":"home","status":"publish","type":"page","link":"https:\/\/www.tiroler-dobermannklub.com\/","title":{"rendered":"Home"},"content":{"rendered":"<h1>Wir sind der Tiroler Dobermannklub!<\/h1>\n<p>\t\t\t\t\t\t\t\t\t\t\t\t\t<img fetchpriority=\"high\" decoding=\"async\" width=\"5471\" height=\"1041\" src=\"https:\/\/www.tiroler-dobermannklub.com\/wp-content\/uploads\/2024\/01\/Dobermann-Treff-2023.jpg\" alt=\"\" \/>\t\t\t\t\t\t\t\t\t\t\t\t\t<\/p>\n<p>Der Tiroler Dobermannklub ist eine Ortsgruppe des \u00d6sterreichischen Dobermann Klub und Mitglied im \u00d6sterreichischen Kynologenverband (\u00d6KV).<\/p>\n<p>Diese Seite steht allen Vereinsmitgliedern und Hundefreunden zur Verf\u00fcgung, die Freude und Spa\u00df an der Arbeit mit Ihrem Vierbeiner haben sowie allen Personen die sich \u00fcber die Rasse Dobermann Informationen suchen.<\/p>\n<p>Hier findet Ihr immer alle Termin f\u00fcr Veranstaltungen die im Verein stattfinden und auch viele andere interessante Dinge wie z. Bsp. Hundevermittlung, Welpenvermittlung, allgemeine Infos, Workshops usw.<\/p>\n<p>Noch viel Spa\u00df beim St\u00f6bern auf unserer Homepage!<\/p>\n<p>\t\t\t\t\t\t\t\t\t\t\t\t\t\t<a href=\"http:\/\/www.fci.be\"><br \/>\n\t\t\t\t\t\t\t<img decoding=\"async\" width=\"127\" height=\"145\" src=\"https:\/\/www.tiroler-dobermannklub.com\/wp-content\/uploads\/2020\/03\/logo-fci.png\" alt=\"\" \/>\t\t\t\t\t\t\t\t<\/a><br \/>\n\t\t\t\t\t\t\t\t\t\t\t\t\t\t<a href=\"http:\/\/www.oekv.at\"><br \/>\n\t\t\t\t\t\t\t<img decoding=\"async\" width=\"117\" height=\"145\" src=\"https:\/\/www.tiroler-dobermannklub.com\/wp-content\/uploads\/2020\/03\/logo-oekv.png\" alt=\"\" \/>\t\t\t\t\t\t\t\t<\/a><br \/>\n\t\t\t\t\t\t\t\t\t\t\t\t\t\t<a href=\"http:\/\/www.idc-dobermann.com\/\"><br \/>\n\t\t\t\t\t\t\t<img loading=\"lazy\" decoding=\"async\" width=\"145\" height=\"145\" src=\"https:\/\/www.tiroler-dobermannklub.com\/wp-content\/uploads\/2020\/03\/logo-idc.png\" alt=\"\" \/>\t\t\t\t\t\t\t\t<\/a><br \/>\n\t\t\t\t\t\t\t\t\t\t\t\t\t\t<a href=\"http:\/\/www.dobermann.at\"><br \/>\n\t\t\t\t\t\t\t<img loading=\"lazy\" decoding=\"async\" width=\"1002\" height=\"497\" src=\"https:\/\/www.tiroler-dobermannklub.com\/wp-content\/uploads\/2020\/03\/logooedk1kl.gif\" alt=\"\" \/>\t\t\t\t\t\t\t\t<\/a><\/p>\n","protected":false},"excerpt":{"rendered":"<p>Wir sind der Tiroler Dobermannklub! Der Tiroler Dobermannklub ist eine Ortsgruppe des \u00d6sterreichischen Dobermann Klub und Mitglied im \u00d6sterreichischen Kynologenverband (\u00d6KV). Diese Seite steht allen Vereinsmitgliedern und Hundefreunden zur Verf\u00fcgung, die Freude und Spa\u00df an der Arbeit mit Ihrem Vierbeiner haben sowie allen Personen die sich \u00fcber die Rasse Dobermann Informationen suchen. Hier findet Ihr [&hellip;]<\/p>\n","protected":false},"author":1,"featured_media":0,"parent":0,"menu_order":0,"comment_status":"closed","ping_status":"closed","template":"","meta":{"ngg_post_thumbnail":0,"ocean_post_layout":"right-sidebar","ocean_both_sidebars_style":"","ocean_both_sidebars_content_width":0,"ocean_both_sidebars_sidebars_width":0,"ocean_sidebar":"smartslider_area_1","ocean_second_sidebar":"0","ocean_disable_margins":"enable","ocean_add_body_class":"","ocean_shortcode_before_top_bar":"","ocean_shortcode_after_top_bar":"","ocean_shortcode_before_header":"","ocean_shortcode_after_header":"","ocean_has_shortcode":"","ocean_shortcode_after_title":"","ocean_shortcode_before_footer_widgets":"","ocean_shortcode_after_footer_widgets":"","ocean_shortcode_before_footer_bottom":"","ocean_shortcode_after_footer_bottom":"","ocean_display_top_bar":"default","ocean_display_header":"default","ocean_header_style":"","ocean_center_header_left_menu":"0","ocean_custom_header_template":"0","ocean_custom_logo":0,"ocean_custom_retina_logo":0,"ocean_custom_logo_max_width":0,"ocean_custom_logo_tablet_max_width":0,"ocean_custom_logo_mobile_max_width":0,"ocean_custom_logo_max_height":0,"ocean_custom_logo_tablet_max_height":0,"ocean_custom_logo_mobile_max_height":0,"ocean_header_custom_menu":"0","ocean_menu_typo_font_family":"0","ocean_menu_typo_font_subset":"","ocean_menu_typo_font_size":0,"ocean_menu_typo_font_size_tablet":0,"ocean_menu_typo_font_size_mobile":0,"ocean_menu_typo_font_size_unit":"px","ocean_menu_typo_font_weight":"","ocean_menu_typo_font_weight_tablet":"","ocean_menu_typo_font_weight_mobile":"","ocean_menu_typo_transform":"","ocean_menu_typo_transform_tablet":"","ocean_menu_typo_transform_mobile":"","ocean_menu_typo_line_height":0,"ocean_menu_typo_line_height_tablet":0,"ocean_menu_typo_line_height_mobile":0,"ocean_menu_typo_line_height_unit":"","ocean_menu_typo_spacing":0,"ocean_menu_typo_spacing_tablet":0,"ocean_menu_typo_spacing_mobile":0,"ocean_menu_typo_spacing_unit":"","ocean_menu_link_color":"","ocean_menu_link_color_hover":"","ocean_menu_link_color_active":"","ocean_menu_link_background":"","ocean_menu_link_hover_background":"","ocean_menu_link_active_background":"","ocean_menu_social_links_bg":"","ocean_menu_social_hover_links_bg":"","ocean_menu_social_links_color":"","ocean_menu_social_hover_links_color":"","ocean_disable_title":"on","ocean_disable_heading":"default","ocean_post_title":"","ocean_post_subheading":"","ocean_post_title_style":"","ocean_post_title_background_color":"","ocean_post_title_background":0,"ocean_post_title_bg_image_position":"","ocean_post_title_bg_image_attachment":"","ocean_post_title_bg_image_repeat":"","ocean_post_title_bg_image_size":"","ocean_post_title_height":0,"ocean_post_title_bg_overlay":0.5,"ocean_post_title_bg_overlay_color":"","ocean_disable_breadcrumbs":"default","ocean_breadcrumbs_color":"","ocean_breadcrumbs_separator_color":"","ocean_breadcrumbs_links_color":"","ocean_breadcrumbs_links_hover_color":"","ocean_display_footer_widgets":"default","ocean_display_footer_bottom":"default","ocean_custom_footer_template":"0","footnotes":""},"class_list":["post-7","page","type-page","status-publish","hentry","entry"],"_links":{"self":[{"href":"https:\/\/www.tiroler-dobermannklub.com\/index.php?rest_route=\/wp\/v2\/pages\/7","targetHints":{"allow":["GET"]}}],"collection":[{"href":"https:\/\/www.tiroler-dobermannklub.com\/index.php?rest_route=\/wp\/v2\/pages"}],"about":[{"href":"https:\/\/www.tiroler-dobermannklub.com\/index.php?rest_route=\/wp\/v2\/types\/page"}],"author":[{"embeddable":true,"href":"https:\/\/www.tiroler-dobermannklub.com\/index.php?rest_route=\/wp\/v2\/users\/1"}],"replies":[{"embeddable":true,"href":"https:\/\/www.tiroler-dobermannklub.com\/index.php?rest_route=%2Fwp%2Fv2%2Fcomments&post=7"}],"version-history":[{"count":57,"href":"https:\/\/www.tiroler-dobermannklub.com\/index.php?rest_route=\/wp\/v2\/pages\/7\/revisions"}],"predecessor-version":[{"id":763,"href":"https:\/\/www.tiroler-dobermannklub.com\/index.php?rest_route=\/wp\/v2\/pages\/7\/revisions\/763"}],"wp:attachment":[{"href":"https:\/\/www.tiroler-dobermannklub.com\/index.php?rest_route=%2Fwp%2Fv2%2Fmedia&parent=7"}],"curies":[{"name":"wp","href":"https:\/\/api.w.org\/{rel}","templated":true}]}}