{"id":184,"date":"2020-04-10T19:06:17","date_gmt":"2020-04-10T19:06:17","guid":{"rendered":"https:\/\/www.tiroler-dobermannklub.com\/?page_id=184"},"modified":"2023-10-28T11:18:35","modified_gmt":"2023-10-28T11:18:35","slug":"abrichteplatz","status":"publish","type":"page","link":"https:\/\/www.tiroler-dobermannklub.com\/?page_id=184","title":{"rendered":"Abrichteplatz"},"content":{"rendered":"\t\t<div data-elementor-type=\"wp-page\" data-elementor-id=\"184\" class=\"elementor elementor-184\">\n\t\t\t\t\t\t<section class=\"elementor-section elementor-top-section elementor-element elementor-element-d77c36b elementor-section-boxed elementor-section-height-default elementor-section-height-default\" data-id=\"d77c36b\" data-element_type=\"section\" data-e-type=\"section\">\n\t\t\t\t\t\t<div class=\"elementor-container elementor-column-gap-default\">\n\t\t\t\t\t<div class=\"elementor-column elementor-col-100 elementor-top-column elementor-element elementor-element-919841b\" data-id=\"919841b\" data-element_type=\"column\" data-e-type=\"column\">\n\t\t\t<div class=\"elementor-widget-wrap elementor-element-populated\">\n\t\t\t\t\t\t<div class=\"elementor-element elementor-element-2256ecc elementor-widget__width-auto elementor-widget elementor-widget-text-editor\" data-id=\"2256ecc\" data-element_type=\"widget\" data-e-type=\"widget\" data-widget_type=\"text-editor.default\">\n\t\t\t\t<div class=\"elementor-widget-container\">\n\t\t\t\t\t\t\t\t\t<h2>Abrichteplatz<\/h2><p>Unser sonniger und ruhig gelegener Trainingsplatz am Rande von Waidring mit zwei ebenen und abgez\u00e4unten Arbeitsbereichen, Vereinsh\u00fctte inkl. moderner Sanit\u00e4ranlagen<br \/>und Auslaufzonen verf\u00fcgt zudem \u00fcber einen eigenen gro\u00dfen Parkplatz. Das gesamte Gel\u00e4nde ist vollst\u00e4ndig eingez\u00e4unt.<\/p><p><img fetchpriority=\"high\" decoding=\"async\" class=\"size-full wp-image-574 aligncenter\" src=\"https:\/\/www.tiroler-dobermannklub.com\/wp-content\/uploads\/2023\/10\/Platz-1.jpg\" alt=\"\" width=\"806\" height=\"454\" \/> <img decoding=\"async\" class=\"size-full wp-image-575 aligncenter\" src=\"https:\/\/www.tiroler-dobermannklub.com\/wp-content\/uploads\/2023\/10\/TRainingspaltz-1.jpg\" alt=\"\" width=\"806\" height=\"454\" \/> <img decoding=\"async\" class=\"size-full wp-image-573 aligncenter\" src=\"https:\/\/www.tiroler-dobermannklub.com\/wp-content\/uploads\/2023\/10\/Parkplatz1.jpg\" alt=\"\" width=\"806\" height=\"454\" data-wp-editing=\"1\" \/><\/p><p>Die Vereinsh\u00fctte mit einer Sonnenterrasse bieten jedem Besucher ausreichend Platz<br \/>zum Verweilen und Entspannen. Zudem kann der ganze Platz mittels Flutlichtanlage ausgeleuchtet werden.<\/p><p>Jeder Hundefreund bzw. Hundebesitzer ist mit seinem Vierbeiner sowie Familienmitgliedern und Freunden jederzeit willkommen.<\/p><h2>Anfahrt zu unserem Abrichteplatz<\/h2><p>Unser Ausbildungsplatz befindet sich au\u00dferhalb von Waidring an der Pillerseestra\u00dfe gelegen und ist mit dem Auto leicht und zu jeder Jahreszeit ebenerdig zu erreichen.<\/p><p>Von der B178 kommend (Fahtrichtung Salzburg oder St. Johann)\u00a0 f\u00e4hrt man Richtung Ortszentrum Waidring und biegt im Ortszentrum Richtung Pillerseestra\u00dfe ab. Nach circa 1km auf der Pillerseestra\u00dfe rechts in die Wei\u00dfbachschlucht einbiegen. Nach rund 250 m auf der rechten Seite befindet sich der Ausbildungspaltz unserer Ortsgruppe. Die Zufahrt zum Gel\u00e4nde ist ab der Biegung Wei\u00dfbachschlucht ausgeschildert!<\/p><p><img loading=\"lazy\" decoding=\"async\" class=\"alignnone wp-image-564 size-full\" src=\"https:\/\/www.tiroler-dobermannklub.com\/wp-content\/uploads\/2023\/10\/TDK-Trainingsplatz-GFX.jpg\" alt=\"\" width=\"1460\" height=\"1081\" \/><\/p><p>\u00a0<\/p>\t\t\t\t\t\t\t\t<\/div>\n\t\t\t\t<\/div>\n\t\t\t\t\t<\/div>\n\t\t<\/div>\n\t\t\t\t\t<\/div>\n\t\t<\/section>\n\t\t\t\t<section class=\"elementor-section elementor-top-section elementor-element elementor-element-7d1e1b4 elementor-section-boxed elementor-section-height-default elementor-section-height-default\" data-id=\"7d1e1b4\" data-element_type=\"section\" data-e-type=\"section\">\n\t\t\t\t\t\t<div class=\"elementor-container elementor-column-gap-default\">\n\t\t\t\t\t<div class=\"elementor-column elementor-col-100 elementor-top-column elementor-element elementor-element-a2ba3ab\" data-id=\"a2ba3ab\" data-element_type=\"column\" data-e-type=\"column\">\n\t\t\t<div class=\"elementor-widget-wrap elementor-element-populated\">\n\t\t\t\t\t\t<div class=\"elementor-element elementor-element-0ed717a elementor-widget elementor-widget-google_maps\" data-id=\"0ed717a\" data-element_type=\"widget\" data-e-type=\"widget\" data-widget_type=\"google_maps.default\">\n\t\t\t\t<div class=\"elementor-widget-container\">\n\t\t\t\t\t\t\t<div class=\"elementor-custom-embed\">\n\t\t\t<iframe loading=\"lazy\"\n\t\t\t\t\tsrc=\"https:\/\/maps.google.com\/maps?q=47%C2%B034%2724.2%22N%2012%C2%B033%2756.4%22E&#038;t=m&#038;z=18&#038;output=embed&#038;iwloc=near\"\n\t\t\t\t\ttitle=\"47\u00b034&#039;24.2&quot;N 12\u00b033&#039;56.4&quot;E\"\n\t\t\t\t\taria-label=\"47\u00b034&#039;24.2&quot;N 12\u00b033&#039;56.4&quot;E\"\n\t\t\t><\/iframe>\n\t\t<\/div>\n\t\t\t\t\t\t<\/div>\n\t\t\t\t<\/div>\n\t\t\t\t\t<\/div>\n\t\t<\/div>\n\t\t\t\t\t<\/div>\n\t\t<\/section>\n\t\t\t\t<\/div>\n\t\t","protected":false},"excerpt":{"rendered":"<p>Abrichteplatz Unser sonniger und ruhig gelegener Trainingsplatz am Rande von Waidring mit zwei ebenen und abgez\u00e4unten Arbeitsbereichen, Vereinsh\u00fctte inkl. moderner Sanit\u00e4ranlagenund Auslaufzonen verf\u00fcgt zudem \u00fcber einen eigenen gro\u00dfen Parkplatz. Das gesamte Gel\u00e4nde ist vollst\u00e4ndig eingez\u00e4unt. Die Vereinsh\u00fctte mit einer Sonnenterrasse bieten jedem Besucher ausreichend Platzzum Verweilen und Entspannen. Zudem kann der ganze Platz mittels Flutlichtanlage [&hellip;]<\/p>\n","protected":false},"author":1,"featured_media":0,"parent":0,"menu_order":0,"comment_status":"closed","ping_status":"closed","template":"","meta":{"ngg_post_thumbnail":0,"ocean_post_layout":"","ocean_both_sidebars_style":"","ocean_both_sidebars_content_width":0,"ocean_both_sidebars_sidebars_width":0,"ocean_sidebar":"0","ocean_second_sidebar":"0","ocean_disable_margins":"enable","ocean_add_body_class":"","ocean_shortcode_before_top_bar":"","ocean_shortcode_after_top_bar":"","ocean_shortcode_before_header":"","ocean_shortcode_after_header":"","ocean_has_shortcode":"","ocean_shortcode_after_title":"","ocean_shortcode_before_footer_widgets":"","ocean_shortcode_after_footer_widgets":"","ocean_shortcode_before_footer_bottom":"","ocean_shortcode_after_footer_bottom":"","ocean_display_top_bar":"default","ocean_display_header":"default","ocean_header_style":"","ocean_center_header_left_menu":"0","ocean_custom_header_template":"0","ocean_custom_logo":0,"ocean_custom_retina_logo":0,"ocean_custom_logo_max_width":0,"ocean_custom_logo_tablet_max_width":0,"ocean_custom_logo_mobile_max_width":0,"ocean_custom_logo_max_height":0,"ocean_custom_logo_tablet_max_height":0,"ocean_custom_logo_mobile_max_height":0,"ocean_header_custom_menu":"0","ocean_menu_typo_font_family":"0","ocean_menu_typo_font_subset":"","ocean_menu_typo_font_size":0,"ocean_menu_typo_font_size_tablet":0,"ocean_menu_typo_font_size_mobile":0,"ocean_menu_typo_font_size_unit":"px","ocean_menu_typo_font_weight":"","ocean_menu_typo_font_weight_tablet":"","ocean_menu_typo_font_weight_mobile":"","ocean_menu_typo_transform":"","ocean_menu_typo_transform_tablet":"","ocean_menu_typo_transform_mobile":"","ocean_menu_typo_line_height":0,"ocean_menu_typo_line_height_tablet":0,"ocean_menu_typo_line_height_mobile":0,"ocean_menu_typo_line_height_unit":"","ocean_menu_typo_spacing":0,"ocean_menu_typo_spacing_tablet":0,"ocean_menu_typo_spacing_mobile":0,"ocean_menu_typo_spacing_unit":"","ocean_menu_link_color":"","ocean_menu_link_color_hover":"","ocean_menu_link_color_active":"","ocean_menu_link_background":"","ocean_menu_link_hover_background":"","ocean_menu_link_active_background":"","ocean_menu_social_links_bg":"","ocean_menu_social_hover_links_bg":"","ocean_menu_social_links_color":"","ocean_menu_social_hover_links_color":"","ocean_disable_title":"default","ocean_disable_heading":"default","ocean_post_title":"","ocean_post_subheading":"","ocean_post_title_style":"","ocean_post_title_background_color":"","ocean_post_title_background":0,"ocean_post_title_bg_image_position":"","ocean_post_title_bg_image_attachment":"","ocean_post_title_bg_image_repeat":"","ocean_post_title_bg_image_size":"","ocean_post_title_height":0,"ocean_post_title_bg_overlay":0.5,"ocean_post_title_bg_overlay_color":"","ocean_disable_breadcrumbs":"default","ocean_breadcrumbs_color":"","ocean_breadcrumbs_separator_color":"","ocean_breadcrumbs_links_color":"","ocean_breadcrumbs_links_hover_color":"","ocean_display_footer_widgets":"default","ocean_display_footer_bottom":"default","ocean_custom_footer_template":"0","footnotes":""},"class_list":["post-184","page","type-page","status-publish","hentry","entry"],"_links":{"self":[{"href":"https:\/\/www.tiroler-dobermannklub.com\/index.php?rest_route=\/wp\/v2\/pages\/184","targetHints":{"allow":["GET"]}}],"collection":[{"href":"https:\/\/www.tiroler-dobermannklub.com\/index.php?rest_route=\/wp\/v2\/pages"}],"about":[{"href":"https:\/\/www.tiroler-dobermannklub.com\/index.php?rest_route=\/wp\/v2\/types\/page"}],"author":[{"embeddable":true,"href":"https:\/\/www.tiroler-dobermannklub.com\/index.php?rest_route=\/wp\/v2\/users\/1"}],"replies":[{"embeddable":true,"href":"https:\/\/www.tiroler-dobermannklub.com\/index.php?rest_route=%2Fwp%2Fv2%2Fcomments&post=184"}],"version-history":[{"count":50,"href":"https:\/\/www.tiroler-dobermannklub.com\/index.php?rest_route=\/wp\/v2\/pages\/184\/revisions"}],"predecessor-version":[{"id":605,"href":"https:\/\/www.tiroler-dobermannklub.com\/index.php?rest_route=\/wp\/v2\/pages\/184\/revisions\/605"}],"wp:attachment":[{"href":"https:\/\/www.tiroler-dobermannklub.com\/index.php?rest_route=%2Fwp%2Fv2%2Fmedia&parent=184"}],"curies":[{"name":"wp","href":"https:\/\/api.w.org\/{rel}","templated":true}]}}